mon factor of 155881 and 3256?
407
Calculate the greatest common factor of 79050 and 124.
62
Calculate the greatest common factor of 4512 and 120.
24
What is the greatest common factor of 3319 and 1?
1
What is the greatest common factor of 1782 and 8646?
66
Calculate the greatest common factor of 682 and 46717.
341
Calculate the greatest common divisor of 5 and 89.
1
What is the greatest common factor of 105 and 37625?
35
What is the greatest common divisor of 32629 and 1541?
67
What is the highest common divisor of 240 and 158160?
240
What is the highest common factor of 1051617 and 42?
21
Calculate the highest common divisor of 133555 and 10.
5
Calculate the greatest common divisor of 20 and 5352580.
20
Calculate the greatest common divisor of 2 and 331882.
2
What is the greatest common factor of 112760 and 5?
5
Calculate the greatest common divisor of 74920 and 120.
40
Calculate the highest common divisor of 86380 and 280.
140
Calculate the highest common factor of 606 and 11918.
202
What is the highest common divisor of 6574 and 1038?
346
What is the highest common factor of 744 and 757888?
248
Calculate the highest common divisor of 438 and 3858.
6
Calculate the highest common factor of 540 and 33075.
135
Calculate the highest common divisor of 1386 and 12222.
126
What is the highest common factor of 319 and 3915?
29
Calculate the greatest common factor of 24 and 12252.
12
Calculate the greatest common divisor of 130 and 18798.
26
Calculate the highest common divisor of 338304 and 3.
3
Calculate the greatest common factor of 217 and 86149.
217
Calculate the highest common divisor of 20517 and 609.
21
Calculate the highest common divisor of 41035 and 145.
145
What is the highest common divisor of 558186 and 186?
186
Calculate the greatest common divisor of 2548745 and 1850.
185
Calculate the highest common factor of 91232 and 24.
8
What is the greatest common divisor of 15 and 65165?
5
Calculate the greatest common factor of 3820806 and 132.
66
What is the highest common factor of 15579 and 2022?
3
Calculate the greatest common divisor of 28 and 126504.
28
What is the highest common divisor of 251 and 281?
1
Calculate the highest common factor of 4686 and 16827.
213
What is the highest common divisor of 211516 and 4?
4
Calculate the highest common divisor of 20064 and 759.
33
Calculate the highest common factor of 34761 and 6.
3
What is the highest common factor of 40095 and 1045?
55
What is the highest common divisor of 489627 and 6?
3
Calculate the greatest common divisor of 3824 and 2768.
16
What is the greatest common factor of 71127 and 126?
63
What is the highest common divisor of 1578494 and 1494?
166
What is the highest common divisor of 10431 and 2736?
171
What is the greatest common factor of 1452 and 20?
4
Calculate the greatest common factor of 257991 and 138.
69
Calculate the greatest common divisor of 5 and 1549.
1
Calculate the greatest common divisor of 4991 and 775.
31
What is the highest common factor of 1430 and 770?
110
What is the greatest common divisor of 580 and 6315?
5
Calculate the highest common factor of 2534 and 1246.
14
What is the highest common divisor of 49 and 323253?
49
Calculate the highest common divisor of 535632 and 240.
48
What is the greatest common factor of 3760 and 1270?
10
Calculate the highest common divisor of 8865 and 9.
9
Calculate the highest common factor of 760283 and 43.
43
What is the greatest common factor of 1288089 and 297?
297
What is the greatest common factor of 9648 and 44?
4
Calculate the greatest common divisor of 9 and 32709.
3
Calculate the greatest common divisor of 33435 and 495.
45
What is the greatest common divisor of 186350 and 50?
50
What is the greatest common factor of 24 and 1763340?
12
Calculate the greatest common factor of 223767 and 1833.
141
What is the greatest common factor of 30 and 1604760?
30
Calculate the highest common factor of 663 and 624.
39
Calculate the greatest common factor of 22701 and 7521.
69
What is the highest common factor of 65 and 46735?
65
What is the highest common divisor of 2754 and 75006?
162
What is the highest common factor of 1508 and 10907?
13
What is the greatest common factor of 442398 and 108?
6
What is the greatest common factor of 2720 and 30685?
85
What is the greatest common factor of 580 and 20010?
290
Calculate the greatest common factor of 132 and 357324.
132
Calculate the highest common divisor of 741 and 19578.
39
What is the greatest common factor of 103 and 247303?
103
Calculate the greatest common factor of 4415284 and 111.
37
Calculate the highest common factor of 1850 and 1070.
10
What is the greatest common divisor of 928 and 35744?
32
Calculate the greatest common divisor of 152659 and 91.
13
What is the highest common divisor of 460 and 735425?
115
Calculate the highest common divisor of 48941 and 654.
109
Calculate the greatest common factor of 415 and 22493.
83
What is the highest common divisor of 16555 and 165?
55
Calculate the highest common factor of 8 and 237638.
2
What is the highest common factor of 1681 and 2911?
41
Calculate the greatest common divisor of 70 and 556535.
35
What is the highest common divisor of 113670 and 378?
54
What is the greatest common divisor of 572630 and 993?
331
What is the greatest common divisor of 705 and 15885?
15
What is the highest common factor of 48 and 281976?
24
Calculate the greatest common divisor of 3813 and 24.
3
Calculate the greatest common factor of 18648 and 212898.
1554
Calculate the greatest common factor of 16511 and 703.
19
What is the greatest common divisor of 46031 and 723?
241
Calculate the greatest common divisor of 3584 and 1428.
28
Calculate the greatest common factor of 20 and 285200.
20
Calculate the greatest common divisor of 544 and 14212.
68
What is the greatest common factor of 14 and 588882?
14
Calculate the highest common factor of 2546 and 950.
38
Calculate the greatest common factor of 4972 and 1628.
44
What is the greatest common factor of 5896 and 1144?
88
Calculate the highest common factor of 434908 and 4.
4
Calculate the highest common divisor of 1431675 and 101.
101
What is the highest common divisor of 40172 and 3542?
22
What is the highest common factor of 253 and 7613?
23
What is the highest common divisor of 385 and 4202?
11
What is the greatest common divisor of 119 and 101286?
17
Calculate the highest common divisor of 27477 and 3621.
213
What is the greatest common divisor of 115 and 2234565?
115
What is the greatest common factor of 16 and 81648?
16
What is the highest common factor of 118 and 27043358?
118
What is the highest common factor of 32 and 210064?
16
Calculate the highest common factor of 18901 and 41.
41
Calculate the highest common divisor of 1295 and 535205.
185
What is the highest common factor of 15 and 178575?
15
What is the highest common divisor of 235 and 1013320?
235
What is the greatest common divisor of 57 and 452827?
19
Calculate the highest common factor of 1 and 2182.
1
What is the highest common factor of 18200 and 224?
56
Calculate the greatest common factor of 239955 and 255.
255
Calculate the greatest common divisor of 9413563 and 34.
17
Calculate the highest common divisor of 428 and 230692.
428
Calculate the highest common factor of 9848 and 109559.
1231
Calculate the highest common divisor of 965977 and 23.
23
What is the highest common factor of 425 and 158695?
85
What is the greatest common factor of 25410 and 396?
66
What is the highest common factor of 2268 and 5964?
84
What is the highest common divisor of 1063298 and 118?
118
Calculate the greatest common factor of 1189 and 7954.
41
Calculate the highest common divisor of 3336768 and 108.
108
What is the highest common divisor of 365 and 37668?
73
What is the greatest common divisor of 2938 and 868744?
226
What is the highest common factor of 9921 and 12?
3
What is the greatest common factor of 258 and 18232?
86
What is the greatest common divisor of 126 and 1100792?
14
What is the greatest common factor of 1072993 and 7513?
683
Calculate the greatest common factor of 196 and 2993998.
98
Calculate the greatest common factor of 874 and 8326.
46
What is the greatest common divisor of 20830 and 2560?
10
What is the highest common div